ose -2*k + 2 = 0, -2*k = 3*o + 5 + 5. Let r(u) = -2*u + 2 - 4 + 0*u**3 - u**3 - 3*u**2. Let y be r(o). Calculate the highest common factor of 33 and y.
11
Let d = 218 - 158. What is the greatest common factor of 45 and d?
15
Suppose 9 + 7 = 2*u. Let h(d) = -d**2 + 5*d - 4. Let w be h(3). What is the highest common divisor of w and u?
2
Let p be -21*(35/(-15) - -1). What is the greatest common factor of 14 and p?
14
Let b = 45 + 15. Suppose 3*k = -2*k - 10. Let u be (k + b/(-9))*-3. Calculate the greatest common divisor of 39 and u.
13
Let o(y) = -y - 15. Let j(s) = 15. Let x(q) = -5*j(q) - 4*o(q). Let a be x(6). Calculate the highest common divisor of a and 9.
9
Suppose x + x - 880 = 0. Suppose r = -r + x. Calculate the greatest common factor of 20 and r.
20
Let k(n) = 2*n**2 - 8*n - 5. Let w be k(5). What is the greatest common divisor of 10 and w?
5
Let i(k) = -k**3 + 7*k**2 - k + 3. Let f = 11 - 6. Let s be i(f). Let n = 61 - 55. Calculate the highest common factor of n and s.
6
Suppose -4*g + 0*g = -52. Let z = -3 - -7. Suppose 5*w - z*h - 508 = 0, 2*w + 11 = -3*h + 228. Calculate the highest common factor of g and w.
13
Let d = -69 - -101. What is the highest common divisor of d and 2?
2
Let u be 3534/21 - 2/7. What is the greatest common factor of 24 and u?
24
Let u = -6 - -10. Suppose u*a = -12, 0 = -4*s + 4*a - 0*a + 204. What is the greatest common divisor of 6 and s?
6
Let j be (-4)/(-6)*(-15)/10. Let u be (1 - 3)/(j/12). Calculate the greatest common factor of 16 and u.
8
Let m(t) = -3*t - 15. Let z be m(-10). Calculate the highest common factor of z and 3.
3
Let y = 24 + 15. Calculate the greatest common factor of 117 and y.
39
Let h(z) = 143*z - 6. Let b be h(2). What is the greatest common factor of 40 and b?
40
Suppose 5*b - 3*d + 20 = 0, -b = -0*b + 4*d - 19. Let j = 1 + b. Suppose j = -4*k - k + 30. Calculate the greatest common factor of 15 and k.
3
Let n(i) = -i**3 - 5*i**2 - 11*i - 4. Let j be n(-4). Calculate the highest common factor of 24 and j.
24
Let s be (-14)/70 - (-11)/5. Suppose 3*y + 3*i = 282, -2*y - i = -s*i - 179. What is the greatest common divisor of y and 13?
13
Let k = 6 + -4. Let c = k - 0. Let t be (c/3)/(1/204). What is the greatest common factor of 17 and t?
17
Let m(v) = v - 7. Let h(i) = -i + 15. Let o(b) = -6*h(b) - 13*m(b). Let k be o(-2). Calculate the greatest common factor of k and 105.
15
Let h = 105 + -94. Calculate the greatest common divisor of 55 and h.
11
Let c be 4/14 + (-68)/(-7). Let j = 19 + -33. Let g be ((-80)/(-56))/((-2)/j). Calculate the greatest common factor of c and g.
10
Let m(d) = 25*d + 2. Let l be m(4). What is the highest common factor of l and 68?
34
Suppose -3*f - r = -437, 4*f - 3*f + 5*r - 127 = 0. Calculate the highest common divisor of 21 and f.
21
Suppose 5*s = 111 - 36. Calculate the highest common divisor of s and 15.
15
Let a be 5/2*(-80)/(-25). What is the highest common factor of 24 and a?
8
Let u be (285/(-76))/((-2)/16). Calculate the greatest common divisor of 12 and u.
6
Suppose 5*l = 2*d + 65, 5*l = d + 71 - 1. Let j be (l/4)/(6/(-16)). Let k = j + 18. Calculate the greatest common divisor of 72 and k.
8
Let m be (-596)/(-10) - 2/(-5). Calculate the highest common divisor of m and 150.
30
Let l = 4 - 6. Let y be (-1)/(2/l) + 64. Suppose -y - 7 = -4*n. What is the greatest common divisor of 9 and n?
9
Suppose -2*z + 7*z = 75. Let a be (-30)/(1 - (4 + -2)). What is the greatest common factor of z and a?
15
Let p be 4/4 + (-1 - 0). Suppose -5*z + 5*c - 2*c = -6, 3*z - 2*c - 4 = p. Suppose x - 82 - 6 = z. What is the highest common factor of 8 and x?
8
Let x(j) = -8*j + 4. Let u be x(-9). Suppose 4*o - u = -4*q, q = 2*q + 2*o - 18. What is the highest common divisor of q and 5?
5
Let c = 35 + 1. Calculate the highest common divisor of 126 and c.
18
Let l be 1976/12 + 2/(-3). Suppose -b = -2*g + 2*b + 132, 4*b = -3*g + l. Calculate the highest common divisor of 20 and g.
20
Suppose 0 = 4*o + o - 5. Let c be (o/(-1))/((-1)/3). Let v be -1 + c/(6/4). Calculate the greatest common divisor of v and 6.
1
Let f = -20 + 55. Calculate the greatest common factor of f and 7.
7
Let m(q) = -q**3 + 12*q**2 + 15*q - 12. Let r be m(13). What is the greatest common factor of r and 56?
14
Let h be 3/(2/(-9)*6/(-4)). Let a be (-2 - 10)*6/(-8). Calculate the highest common factor of h and a.
9
Let q be (18/(-12))/((-9)/330). What is the highest common factor of 11 and q?
11
Let i(z) = z + 11. Let m be i(13). What is the highest common factor of 4 and m?
4
Let l(r) = 21*r**2 + 2*r + 2. Let o be l(-1). Calculate the highest common factor of o and 21.
21
Let d(r) = 2*r + 22. Let a be d(0). What is the highest common factor of a and 176?
22
Suppose 3*u + 2*g - 121 = 3*g, 4*u + 4*g = 156. Let c be 2/5 + 64/u. What is the greatest common divisor of c and 22?
2
Let i = -12 + 11. Let a be (62 - i) + -1 + 2. Let n(r) = r**3 - r**2 - r + 8. Let m be n(0). What is the highest common factor of m and a?
8
Let l(g) = -g. Let n(z) = 5*z + 2. Let v(a) = 2*l(a) + n(a). Let m be v(2). Calculate the highest common divisor of m and 24.
8
Let t(r) = -2*r - 1 - 14*r - 1. Suppose 5*y + 55 = 5*f, -40 = 5*y - y - 3*f. Let a be t(y). Calculate the greatest common factor of 10 and a.
10
Let t(w) = 2*w**2 + 13*w - 1. Let j be t(-7). What is the greatest common factor of j and 15?
3
Let c be 862/8 + 12/48. What is the highest common divisor of 18 and c?
18
Suppose 4*o + 5*n - 2*n = 12, -4*o = -4*n + 16. Let i be 1*(o - -3) + 11. What is the highest common factor of 21 and i?
7
Let l(n) be the first derivative of -n**4/4 - 2*n**3/3 + 5*n**2/2 + 7*n + 2. Let o be l(-6). Let s = -21 - -32. What is the greatest common factor of s and o?
11
Let c = 180 + -174. Calculate the highest common divisor of c and 2.
2
Suppose -4*k + 5*g + 547 = 0, -5*g + 23 = -2. Suppose 58 = 2*v + 2*v + 2*f, 0 = -2*v - 4*f + 38. What is the highest common factor of v and k?
13
Let k(t) = -6*t - 3. Suppose 0 = 3*i - 15, 3*i = -4*y + i - 6. Let m be k(y). Calculate the highest common factor of m and 168.
21
Suppose -3*h = w - 4 - 1, 2*h = -w + 5. Suppose -m = 5*t - 2, -2*t = w*m - 0*t - 125. What is the highest common divisor of m and 18?
9
Suppose -171 = -6*j + 3*j. Suppose -3*o = -j + 21. What is the highest common factor of 4 and o?
4
Suppose -3*y = -0*y - 27. What is the highest common divisor of 99 and y?
9
Let q(x) = -1. Let y(z) = -4*z - 7. Let k(p) = 30*q(p) - 5*y(p). Let g be k(4). Suppose 0*u + 51 = 3*u. Calculate the greatest common factor of g and u.
17
Let m = -14 - -18. Let j be ((-28)/7)/((-2)/m). Calculate the highest common factor of j and 40.
8
Suppose 4*k = -0*k - 8, 5*q - 506 = 3*k. What is the highest common factor of 20 and q?
20
Let i = -12 - -17. Suppose 0*h - i*h = -n - 77, -36 = -2*h + 3*n. Calculate the greatest common divisor of 105 and h.
15
Suppose -4*z - 4*y = -6*y - 34, -2*y = 5*z - 38. Calculate the highest common factor of 112 and z.
8
Suppose 0 = 3*r + b + 4*b - 79, -r + 17 = 4*b. Suppose 8*s - 4*s - 44 = 0. What is the highest common factor of s and r?
11
Suppose -4*h + 0*p - 8 = 5*p, -3*h - 3 = 3*p. What is the highest common factor of 3 and h?
3
Let s = 9 - 6. Let k(a) = 7*a**2 + 2*a**3 + 0*a**3 - 3*a**3 + 11*a. Let p be k(8). Calculate the greatest common divisor of s and p.
3
Let n = 5 - 7. Let p(b) = -2*b**2 - 4*b - 8. Let h be p(-7). Let v be h/(-9) - n/(-3). What is the highest common factor of 12 and v?
4
Suppose 2 = -4*d + 66. What is the highest common factor of 64 and d?
16
Let q = 2 - -3. Suppose 0*v + q = v. What is the greatest common divisor of 55 and v?
5
Suppose -3*v = -2*a + 659, 5*a = 3*a + 2*v + 660. Let c = -133 + a. What is the highest common divisor of c and 18?
18
Let c = -490 + 862. Let q = -197 + c. Calculate the greatest common divisor of q and 25.
25
Suppose 64 - 4 = 4*o. Let q = o + -10. Suppose -6*c + q*c + 2 = 0. Calculate the greatest common divisor of c and 14.
2
Let s be -1 + (-1 - 0) + 4. Suppose j = -4*v - j + 40, 0 = 4*j. What is the greatest common factor of v and s?
2
Let d(i) = -2*i + 1. Let m be d(-6). Let z be (104/(-2))/((-1)/1). Calculate the highest common divisor of m and z.
13
Let a(t) = 6*t**2 + 2*t - 1. Let i be a(2). Let c(n) = 4*n - 21. Let w be c(6